{"id":145,"date":"2025-09-01T15:25:00","date_gmt":"2025-09-01T15:25:00","guid":{"rendered":"http:\/\/elohabrand.com\/?post_type=product&#038;p=145"},"modified":"2025-12-05T06:46:23","modified_gmt":"2025-12-05T06:46:23","slug":"mantel-ondas","status":"publish","type":"product","link":"https:\/\/elohabrand.com\/?product=mantel-ondas","title":{"rendered":"Manteles: Colecci\u00f3n Ondas"},"content":{"rendered":"","protected":false},"excerpt":{"rendered":"<p><strong>Precios por pack\u00a0 &#8211; Solo esta semana <\/strong>(a\u00f1ade al Carrito la combinaci\u00f3n de cantidad que necesites)<\/p>\n<ul>\n<li>1 unidades: 9,99 \u20ac<\/li>\n<li>4 unidades: 34,99 \u20ac<\/li>\n<li>6 unidades: 44,99 \u20ac<\/li>\n<\/ul>\n<p>Composici\u00f3n: 75% Lino &#8211; 25% Algod\u00f3n | Tama\u00f1o: 35 x 50 cm | Selecciona tu color:<\/p>\n","protected":false},"featured_media":347,"template":"","meta":[],"product_brand":[],"product_cat":[26],"product_tag":[],"class_list":{"0":"post-145","1":"product","2":"type-product","3":"status-publish","4":"has-post-thumbnail","6":"product_cat-coleccion-ondas","8":"first","9":"instock","10":"sale","11":"sold-individually","12":"taxable","13":"shipping-taxable","14":"purchasable","15":"product-type-variable"},"_links":{"self":[{"href":"https:\/\/elohabrand.com\/index.php?rest_route=\/wp\/v2\/product\/145","targetHints":{"allow":["GET"]}}],"collection":[{"href":"https:\/\/elohabrand.com\/index.php?rest_route=\/wp\/v2\/product"}],"about":[{"href":"https:\/\/elohabrand.com\/index.php?rest_route=\/wp\/v2\/types\/product"}],"wp:featuredmedia":[{"embeddable":true,"href":"https:\/\/elohabrand.com\/index.php?rest_route=\/wp\/v2\/media\/347"}],"wp:attachment":[{"href":"https:\/\/elohabrand.com\/index.php?rest_route=%2Fwp%2Fv2%2Fmedia&parent=145"}],"wp:term":[{"taxonomy":"product_brand","embeddable":true,"href":"https:\/\/elohabrand.com\/index.php?rest_route=%2Fwp%2Fv2%2Fproduct_brand&post=145"},{"taxonomy":"product_cat","embeddable":true,"href":"https:\/\/elohabrand.com\/index.php?rest_route=%2Fwp%2Fv2%2Fproduct_cat&post=145"},{"taxonomy":"product_tag","embeddable":true,"href":"https:\/\/elohabrand.com\/index.php?rest_route=%2Fwp%2Fv2%2Fproduct_tag&post=145"}],"curies":[{"name":"wp","href":"https:\/\/api.w.org\/{rel}","templated":true}]}}